t derivative of -2*c**2 - 50*c + 697. Calculate q(0).
-50
Let h(g) = -g**3 + 3*g**2 - g - 2. Suppose -2*n = -d - 6, 0 = -2*d + 5*d. Let l be h(n). Let t(y) be the first derivative of -2*y**2 - 5*y - 19. Calculate t(l).
15
Let y(k) = -k**3 - 7*k**2 - 9*k - 3. Suppose -7*l = w - 4*l - 5, 5 = w + 4*l. Let z be w + -7 - (3 + 1). Give y(z).
15
Let c = 65 + -65. Suppose 15*m - 11*m - 32 = c. Let x(o) be the third derivative of o**4/24 - o**3/2 - 16*o**2 - 2. Determine x(m).
5
Let c(p) = 13*p + 4*p + 318*p**2 - 26 - 163*p**2 - 156*p**2. Give c(15).
4
Let d(u) = -9*u - 81. Suppose -119979 = -13*p - 120096. Determine d(p).
0
Let m(p) = -2*p**2 - 10*p - 4. Let g(k) be the first derivative of -k**3 - 19*k**2/2 - 7*k - 691. Let q = 4 + -9. Let t(j) = q*m(j) + 3*g(j). Calculate t(5).
-11
Let x(j) = 159*j - 494*j + 167*j + 151*j. Calculate x(5).
-85
Let p(l) = -4 + 2*l + 5 + 14. Let k be (43 - 1)/(9/(-17 - -8)). Let v be 2*-1 - (50 + k). Determine p(v).
-5
Let q(x) be the third derivative of -x**6/120 + x**5/6 - 19*x**4/24 + 13*x**3/3 + 858*x**2 + 2*x + 2. Calculate q(8).
2
Suppose -5*w - 245*t - 4 = -249*t, 3*w + t = -16. Let u(y) = -2*y**2 + 2*y**2 + 4*y + 6 + y**2. Give u(w).
6
Let l = -14 - -16. Let v(j) = 74*j + 2*j**2 - 13*j**3 - 73*j - 3*j**2 - j**l. What is v(1)?
-14
Let k(f) = -22*f + 36. Let v(z) = -8*z + 12. Suppose -5*r + 9 - 34 = 0, -24 = -3*w + 3*r. Let u(j) = w*k(j) - 8*v(j). Give u(10).
-8
Let s(n) = n**3 + 6*n**2 - 7*n - 4. Let c(u) = 16*u + 169. Let x be c(-11). What is s(x)?
-4
Let k(b) be the first derivative of 11 - 4*b**4 + 0*b + 0*b**2 - 1/3*b**3. Calculate k(-1).
15
Let a(r) = -163 + 22*r + 92 - r**2 - 43. What is a(12)?
6
Let j(l) = l**2 - 3*l - 1. Let k be ((60/42)/5)/((-24)/(-420)). Suppose -20 = -h + 2*h. Let t be 3/k*(-5 - h/2). Give j(t).
-1
Let h(m) be the third derivative of 1/6*m**3 + 64*m**2 + 3/20*m**5 + 0*m - 5/12*m**4 + 1/120*m**6 + 0. Let s = -9 + -1. Give h(s).
1
Let t = 24 + -29. Let i(g) = 4*g**3 + 2*g**2 + 5*g + 2. Let b(a) = -7*a**3 - 5*a**2 - 10*a - 5. Let d(j) = t*i(j) - 3*b(j). Suppose -22 - 46 = 17*f. Give d(f).
1
Let g(l) be the third derivative of 0*l**4 - 1/120*l**6 - 5/6*l**3 + 3/20*l**5 + 0 - 5*l**2 - 8*l. Determine g(9).
-5
Suppose 2*c - 7 - 23 = 0. Suppose -5*x + 2 = i - 13, 3*i - c = -5*x. Let y(q) = -2*q - 14*q**2 + 49*q**2 - x - 15*q**2 - 19*q**2. Determine y(-2).
5
Suppose 0 = -2*k - d + 20, 3*k = -k + 3*d + 30. Suppose -107*g - k = -110*g. Let q(i) = -8 - g + i**2 + 13 + i + i. Give q(3).
17
Let a(x) = -19*x - 138. Let j = 26036 + -26045. Give a(j).
33
Let l(u) = 24*u - 110. Let y(c) = c - 6. Let o(t) = -l(t) + 3*y(t). Calculate o(4).
8
Let y be -3 - ((-14)/35 + (-43)/5). Suppose 6*b = 8*b + y. Let j(x) = -x**3 - 2*x**2 - x - 3. Give j(b).
9
Let p(r) be the second derivative of r**3/3 + 30*r**2 + 2566*r. Calculate p(-37).
-14
Let g(w) = -w**3 - 3*w**2 - 4*w - 15. Let d = -31886 - -31882. Determine g(d).
17
Let w(y) = 3*y**3 - 28*y**2 - 16*y - 47. Let v(i) = 7*i**3 - 69*i**2 - 39*i - 117. Let s(h) = -5*v(h) + 12*w(h). Calculate s(-9).
-6
Let l(f) = -f - 2. Let c be l(-4). Suppose 5*m = 3*m + c. Let w(z) = 8*z + 51. Let b(u) = -39*u - 238. Let s(r) = -3*b(r) - 14*w(r). Give s(m).
5
Let q = 36 + -15. Let b(w) = -w**3 + 5*w**2 + q - 6*w - 5 - 4 - 10. Let l = -34 + 38. What is b(l)?
-6
Suppose -157*h + 196*h = 39. Let c(u) = -3 + 4 - 3 - 9*u + 5. What is c(h)?
-6
Let p(a) = a**3 - 193774 - 9*a**2 + 3*a + 8*a + 193774. Calculate p(8).
24
Let z(w) = -6*w**2 - w + 5. Suppose -22*o = -12*o - 20. Let h(r) = -2*r**2 - 3*r - 1. Let j(y) = o*h(y) - z(y). What is j(5)?
18
Let g(k) be the first derivative of 45*k**2/2 - 12*k - 4180. Determine g(-2).
-102
Let g(f) be the third derivative of 1/15*f**5 + 5/24*f**4 + 138*f**2 + 0*f + 0 + 1/120*f**6 + 2/3*f**3. Let o = -8 - -4. Calculate g(o).
-16
Let x(n) = 3*n + 1. Let u be ((-16)/(-2))/(18/(-297)). Let l = 133 + u. What is x(l)?
4
Let b(i) be the third derivative of -i**6/20 + i**5/60 - i**4/12 + i**3/3 + 157*i**2. Suppose 1 = -4*h + 5. Give b(h).
-5
Let o(s) be the first derivative of s**6/120 - 7*s**5/60 + s**3/3 - 3*s**2/2 - 11*s + 149. Let g(w) be the second derivative of o(w). Determine g(5).
-48
Let v(b) be the second derivative of -9 - 15/2*b**2 - 1/6*b**3 - b. What is v(-7)?
-8
Let s(l) = l**3 - 17*l**2 + 13*l - 231. Let b be s(17). Let a(j) = 3*j - 5. Determine a(b).
-35
Suppose 8*y = -0*y - 120. Let d be (25/y)/(-1)*3. Let b(h) = -2*h + 8 - 4*h - 3 + d*h. Calculate b(0).
5
Let g be (-4)/(-88)*-4 + (-342)/418. Let z(l) = -33*l**2 - l + 1. Determine z(g).
-31
Let q(t) = 6 - t**3 - 5508*t - 4*t**2 - 5 + 2 + 5505*t. What is q(-2)?
1
Let o(t) = -2*t**2 - 17*t + 10. Suppose 2*x + 12 = 10, 40 = -4*a - 4*x. Give o(a).
1
Let d(f) = f - 38. Let h = 1055 + -1048. Calculate d(h).
-31
Let k(p) = 9 + 8 - 19*p - 26*p**2 - 12*p**2 - 15 + p**3 + 39*p**2. What is k(-6)?
-64
Let j = -1559 + 1551. Let i(f) = 12*f + 103. Give i(j).
7
Let p(j) = -19*j**3 + j**2. Let t(z) = 2*z**2 + 21*z + 21. Let m be t(-1). Suppose 4*n + 2 = 6*n. Let o be (m - 1)*(n + -2). Calculate p(o).
20
Suppose 2*f - 3*t - 19 = -3, 2*t = -f - 6. Let p(m) = -2*m**2 + 1 + 168*m - 502*m + m**2 + 167*m + 169*m. Determine p(f).
1
Suppose t - 173 = 2*q + 4*t, -t - 171 = 2*q. Let k = q - -86. Let y(o) = o**2 - o + 1. Calculate y(k).
1
Let m(y) be the first derivative of 1/4*y**4 - 25 + 14*y + 2*y**3 + 1/2*y**2. Calculate m(-6).
8
Let c(t) = t**3 + 9*t**2 + 10*t + 6. Suppose 6*f = 2*x + 7*f - 14, 3*x - 31 = -4*f. Suppose 0*o + 2*o = -5*b - 16, x*b = -o - 8. What is c(o)?
-10
Let q(y) = -561864*y + 561849*y + 28 + 32 - 26. What is q(5)?
-41
Let f(h) = h**2 + 5 + 4*h - 4*h + 4*h + 5. Let w be f(-5). Let o(z) = z - 20. Let p be o(w). Let t(l) = l**3 + 4*l**2 - 5*l + 2. Calculate t(p).
2
Suppose 0 = u - 2*u - d + 6, 4*u + 3*d - 21 = 0. Let p(k) = -5*k + 5*k**3 + 1 + 6*k - 13*k**3 - 7*k**u. Give p(-1).
15
Let h be -6 - (-1 - (4 - -2)). Let b be (-45)/(-9)*4/10. Let f(y) = 0 - y**2 + 2*y**b - 1 - 2*y**2 - 7*y**3 + 2*y. What is f(h)?
-7
Let s(t) = t**2 + 12*t + 14. Let l be ((-7)/14 - -1) + 650/4. Let z = 152 - l. What is s(z)?
3
Let q(z) = -17*z - 32 - 6 - 9*z + 6*z. Let y(w) = 7*w + 13. Let a(h) = 6*q(h) + 17*y(h). Give a(0).
-7
Let k = -5741 + 5726. Let r(x) = x + 54. What is r(k)?
39
Let y(p) be the third derivative of p**5/60 - 5*p**4/24 + 5*p**3/2 - 104*p**2 + 12. What is y(6)?
21
Let z be 5 + 2 + (-2)/1. Let u(v) = -937 + z*v + 902 - 11*v. Let d be u(-6). Let h(m) = -m**3 - m. Calculate h(d).
-2
Let n(d) be the first derivative of -1/4*d**4 - d**3 + 87 + 5*d + 4*d**2. Let u be (-52)/10 - 3/(-15). Determine n(u).
15
Let f = -15 + -6. Let y(z) = -49*z - 12 + z**2 + 14*z - 11 + 24*z + 31*z. Determine y(f).
-2
Let d(n) = 99 + 0*n - 88 - n + 8. Let a(u) = -u**2 + 7*u + 1. Let j be a(5). What is d(j)?
8
Suppose 0*j - 11*j + 407 = 0. Suppose -z - 6*y = -y - j, -2*z + 44 = 4*y. Let p(d) = -d + 17. Let h be p(z). Let g(f) = f**3 - 5*f**2 - 2*f + 2. Calculate g(h).
-8
Suppose 6 = -27*q + 63*q - 138. Let k(w) be the third derivative of 1/60*w**5 + 0*w - 1/120*w**6 - w**2 + 1/24*w**q + 0 - 8/3*w**3. Give k(0).
-16
Let p(g) = 7 - 320*g - 5 + 325*g - 3. Suppose -2 = -2*w - 4. Give p(w).
-6
Let o(y) = 2*y**2 + 33*y + 23. Let b be 12*((-168)/(-36) + -6). What is o(b)?
7
Suppose -3*s = -27 + 6. Suppose 9*i - 16*i + s = 0. Let m be 1032/(-168) + i/7. Let f(c) = -c - 3. What is f(m)?
3
Let a = 5602 + -5597. Let q(t) be the second derivative of -1/20*t**a + 5/2*t**2 + 7/6*t**3 - 5/12*t**4 + 9*t + 0. Give q(-6).
-1
Let o(u) = -253*u + 2268. Let f be o(9). Let z(l) = -2*l**2 - 20*l - 22. Give z(f).
-4
Let r(n) = 1439 - 2850 - n + 1448. Determine r(12).
25
Let b(j) = -j**2 + 10*j - 5. Let x = 43 + -17. Suppose -a = -6*d + 2*d + 41, 4*a - x = -3*d. Let z be b(d). Let r(h) = -h**3 - 5*h**2 + h + 6. What is r(z)?
1
Suppose -12*k - 13 = -8*k - 3*r, 7 = -3*k + 5*r. Let m be (k/1 + -1)/((-1)/2). Let w(d) = -5*d**2 + d - 6*d**2 + 5*d**2 + 5*d**2 + m. Give w(0).
10
Let d(j) = 4*j**2 - 5*j**2 + 2*j - 4 + j**2 - j**2. Suppose 21*x - 5*x = 48. What is d(x)?
-7
Let i(n) = -95*n**2 - 26*n - 13. Let a(h) = 214*h**2 + 53*h + 26. Let q(r) = 4*a(r) + 9*i(r). Calculate q(21).
-34
Let n be (-285)/35*(-434)/(-186). Let b(j) = j**2 + 25*j + 110. What 